 + x - 4 = 0, 8 = 4*r - 5*r + 2*x. Suppose r*t - t + 1 = 0. What is the units digit of t?
1
Let p be (-1)/(2/(3 - 1)). What is the hundreds digit of ((-7)/5)/(p/155)?
2
Let u(s) = -s**2 - s + 1. Suppose -2 = -4*h + 2. Let l be u(h). What is the tens digit of (-3)/(l*(-1)/(-4))?
1
Suppose -5*c - 15*c + 16160 = 0. What is the units digit of c?
8
Suppose -3*i - 6 - 9 = 0. Let r = i + 45. What is the tens digit of r?
4
Suppose 2*a = -j + 549, 3*a - 4*j + j - 801 = 0. What is the units digit of a?
2
Let c(i) = -4*i + 5 + 2*i - 9 + 5*i**2 - i**3. Let p be c(3). Let y(r) = 2*r + 6. What is the units digit of y(p)?
2
Suppose 2*w = 5*w. Suppose -3*p + a + 272 = w, a - 4*a = -12. What is the units digit of p?
2
What is the units digit of 1/(6/(-20)*10/(-1812))?
4
Suppose 4*b = 3*c - 208, -316 = -5*c - 3*b + 2*b. Let g be c/6*(-3)/(-2). Suppose -3*w = -z - 23, -5*z + g = -4. What is the units digit of w?
9
Suppose 10*n - 6447 = -11*n. What is the hundreds digit of n?
3
Let v = -282 - -534. What is the units digit of (1 - 0)/(4/v)?
3
Let u(v) = 54*v + 622. What is the units digit of u(15)?
2
Let k be ((-12)/10)/((-9)/405). Let l be 3/2 + k/(-12). What is the tens digit of -6*(1 - 3) - l?
1
What is the units digit of 85 - 12/15*(4 - 9)?
9
Let p(i) = 41*i**3 + i**2 - 8*i + 15. What is the hundreds digit of p(2)?
3
Let s be 6/(-9)*-6 + -68. What is the units digit of (s/12)/(-1)*15?
0
Let l(w) = w**2 - 47. What is the tens digit of l(-16)?
0
Let a(r) = -r**3 - 2*r**2 - 2*r + 5. Let f be a(0). Suppose 5*u + f*x - 240 - 180 = 0, 4*x - 84 = -u. What is the units digit of u?
4
Suppose -46 = 4*l - 6. What is the tens digit of 0 + 91 + 2 + (-20)/l?
9
Suppose q = 7*r - 3*r + 7, -2*q = -4*r - 6. What is the units digit of 9/r*20/(-30)?
3
Let x(h) = -h**2 + h + 23. Let t(a) = -1 + 9 - 6*a + a**2 + 0*a**2. Let q be t(4). What is the tens digit of x(q)?
2
Let q be (-1 - -472)*(-2)/(-6). Let i = q - 76. What is the tens digit of i?
8
Suppose 3*w - 2*w = 1. Let o be -8*((-12)/16)/w. What is the tens digit of ((-33)/o)/((-1)/4)?
2
Suppose -27*r + 33319 + 69875 = 0. What is the hundreds digit of r?
8
Let k = -36 + 34. Let q(o) = 11*o**2 - 2*o - 2. What is the tens digit of q(k)?
4
Let x = -178 + 358. Let q = -101 + x. What is the tens digit of q?
7
Let z = -84 + 65. Let q(p) = p**2 + 17*p + 35. What is the tens digit of q(z)?
7
Let h = -6 + -1. Let w = h + 14. What is the units digit of w?
7
Let n(c) = 3*c**2 - 8*c + 7. Let q(l) = 4*l**2 - 9*l + 8. Let p(g) = -5*n(g) + 4*q(g). Let v be p(-3). What is the tens digit of (-315)/(-27) + 4/v?
1
Suppose 19 = -3*c - 8. Let u = 7 - -18. Let z = u - c. What is the tens digit of z?
3
Suppose 3*w + 3*s - 2*s = -19, -w = 2*s + 3. Let u(g) = -g**3 - 8*g**2 - 7*g + 3. Let y be u(w). Suppose -2*k - y = -17. What is the units digit of k?
7
Suppose -43 = -7*h - 15. What is the tens digit of 1/(0 + h/76)?
1
Let r(p) = p**3 - 5*p**2 - 8*p - 22. Let v be (7 + 3)/(2 - 1) - 1. What is the units digit of r(v)?
0
Suppose 0 = -8*q + 2901 + 2915. What is the tens digit of q?
2
Let w(t) = -t + 10. Let k be w(-4). Suppose 11*l + 210 = k*l. What is the units digit of l?
0
Let u(d) be the third derivative of -d**6/120 - 19*d**5/60 - 9*d**4/8 - 19*d**3/6 + 42*d**2. What is the units digit of u(-18)?
3
Let c be ((-4)/(-6))/(1/3). Suppose v + c*m = -5, -6 = -v + 2*m + 5. Suppose -28 = 3*x - v*d - 145, 3 = -d. What is the tens digit of x?
3
Suppose 10*o + 1565 = 5045. What is the tens digit of o?
4
Let f = -150 + 876. What is the units digit of f?
6
Suppose -j = -63 - 259. What is the hundreds digit of j?
3
Suppose -5*w = q + 19, -w = 4*w + 5. Let h be 4/q - (-3800)/70. What is the tens digit of (-4 - h)/(2 + -4)?
2
Suppose -q - 3*n + 43 = 0, -q - 2*q = 5*n - 121. Let j = -28 + q. What is the units digit of j?
9
Suppose 0 = 5*w - 52 - 43. Suppose w = 13*c - 800. What is the tens digit of c?
6
Let o(g) = -g + 9. Let b be o(4). Suppose -b*c + 139 - 711 = -4*r, 426 = 3*r - 3*c. What is the units digit of r?
8
Let f be -105 + 1 + 3 + 0. Let b = -35 - f. What is the tens digit of b?
6
Let h = 19 + -8. Suppose -3*w - u = -h, w - 3*u + 2*u = -3. Suppose -216 = w*z - 8*z. What is the tens digit of z?
3
Let p(v) = -v**3 + 7*v**2 + 11*v + 1. Let g(w) = w + 3. Suppose 0 = l + 2*l - 15. Let c be g(l). What is the units digit of p(c)?
5
Suppose -3*b = 4*t - 14, 4 = t - 2*b + 3*b. Let g(m) = 3 + 9*m - t - m - m. What is the units digit of g(5)?
6
Let x = 1062 + -593. What is the hundreds digit of x?
4
Suppose -3*k - k = -192. Suppose -128 = 4*g + 2*t - k, -2*g = -4*t + 20. Let d = 0 - g. What is the tens digit of d?
1
What is the thousands digit of (1 - 24 - 2)*-59?
1
Suppose -q = 4*u + u - 6664, 4003 = 3*u - 4*q. What is the tens digit of u?
3
Let x(k) = 6*k**3 + 7*k**2 + 22*k + 8. What is the units digit of x(8)?
4
Suppose -3*b = -4*g - 802, -2*g + 139 - 535 = -4*b. Let k = g + 80. What is the units digit of (-12)/(-16) - k/8?
6
What is the tens digit of (-9 + 10)/(3/(-28860)*-5)?
2
Let j(l) = l - 13. Let y be j(9). Let x be 624/(-28) + y/(-14). Let c = -11 - x. What is the tens digit of c?
1
Suppose 0 = 24*q - 28383 + 7839. What is the hundreds digit of q?
8
Let g = -416 + 828. Suppose -g - 465 = -5*b + 3*f, 5*f = 2*b - 347. What is the units digit of b?
6
Let z = -1191 + 4078. What is the tens digit of z?
8
Suppose 2*w - 4032 = -4*l, -4*l - 4*w = -5192 + 1160. What is the thousands digit of l?
1
Let t be (6/(-7))/((-4)/448). Let p = -6 - -10. Suppose p*r - 3*g = g + t, 4*g - 4 = -r. What is the tens digit of r?
2
Suppose 0 = -386*g + 371*g + 14145. What is the hundreds digit of g?
9
Let f = -89 - -154. Suppose -5*k = -0*k - f. Let r = 3 + k. What is the units digit of r?
6
Suppose -2003 + 10283 = 15*j. What is the tens digit of j?
5
Suppose -3*q + 3*b = -720, q = -0*q + 2*b + 239. What is the hundreds digit of q?
2
Let z = 63 + -35. Suppose -4*g = -4*t - z, -3*g + 8*g + t = 35. Let o = -2 + g. What is the units digit of o?
5
What is the tens digit of (-129)/9*(-65 - (-7 - -8))?
4
Let m be 56/5*(-55)/(-22). Let p be 142/(-7) - (-8)/m. Let z = p + 30. What is the units digit of z?
0
Suppose 0 = -7*x + 4*x + 75. Let y = -10 + x. What is the units digit of 4/6 - (-35)/y?
3
Suppose -2*h + 145 = 3*i, 2*h + 4*i - 146 = 2*i. Suppose f - h = 1. What is the tens digit of f?
7
Let f(h) = -5*h**2 - 2. Let c(g) = 6*g**2 + g + 2. Let v(l) = 6*c(l) + 7*f(l). Let u be (-3)/1*24/9. What is the tens digit of v(u)?
1
Let y be 23/2 - (-5)/10. Let j = y - 0. Let k = j - -9. What is the units digit of k?
1
Suppose -6*v = 2 + 16. Let z(p) = 5 + 2 + 3 - 3*p - 5. What is the units digit of z(v)?
4
Let z = -241 + 407. What is the tens digit of z?
6
Let c = -48 - -28. Let g = c + 56. Let l = g - 19. What is the tens digit of l?
1
Let c(i) = 8*i**2 - 4*i - 5. Let a be c(6). Suppose a = 6*n - 293. What is the tens digit of n?
9
Suppose -3*r = -r. Suppose 4 = l - r. Suppose -l*u + 12 = 4. What is the units digit of u?
2
Let n(f) = 3*f**3 - f**2 - 4*f - 1. Let b be n(-3). Let i = b - -121. What is the tens digit of i - (0/(-5) + -1)?
4
Let f(t) = t**3 + 18*t**2 + 5*t - 1. Let o be f(-7). Suppose 5*n - 222 = o. What is the tens digit of n?
4
Suppose 0 = -0*j - j + 4*f - 39, 0 = -2*j - 2*f - 48. What is the units digit of (99/j)/(1/(-33))?
1
Let a(p) = -5*p - 2*p - 6*p**2 + 8*p**2 + 5 + 0*p. Let i be a(7). Suppose -18 + i = f. What is the units digit of f?
6
Suppose -2*o + 639 = 5*f, 5*f - 3*f + o = 256. Let g = f - 58. What is the tens digit of g?
6
Let n(r) be the first derivative of 49*r**3/3 - r**2/2 + r - 1. Let x(a) = -2*a - 9. Let t be x(-5). What is the tens digit of n(t)?
4
Let h(c) = -14*c**2 + 8*c - 4*c + 19 - c**3 - 3*c. Let k be h(-14). What is the tens digit of 35/3 + k/15?
1
Let y(d) = 114*d**3 + d + 5. What is the units digit of y(2)?
9
Let x = 9110 + -4329. What is the units digit of x?
1
Let y be 13/4 - (4 - 9)/(-20). Let r = y + 69. What is the units digit of r?
2
Let u = -960 + 962. Let w = 13 + -8. Suppose -w - 1 = -u*b, i - 58 = 2*b. What is the tens digit of i?
6
Suppose -5*p = -3*q - 778 - 188, -3*p - 2*q + 591 = 0. What is the tens digit of p?
9
Suppose 12 = -5*x + 37, 4*p + 5*x - 5861 = 0. What is the thousands digit of p?
1
Let c(r) = r**3 + r**2 + r + 9. Suppose 0*v